{"id":1582,"date":"2025-10-07T10:38:58","date_gmt":"2025-10-07T08:38:58","guid":{"rendered":"https:\/\/creatur360.com\/desaCB\/?post_type=product&#038;p=1582"},"modified":"2025-10-07T12:50:44","modified_gmt":"2025-10-07T10:50:44","slug":"mallorca-5-dias","status":"publish","type":"product","link":"https:\/\/creatur360.com\/producto-turistico\/tour\/mallorca-5-dias\/","title":{"rendered":"Mallorca Esencial: Costa, Cultura y Calas &#8211; 5 D\u00edas"},"content":{"rendered":"\t\t<div data-elementor-type=\"product-post\" data-elementor-id=\"1582\" class=\"elementor elementor-1582\" data-elementor-post-type=\"product\">\n\t\t\t\t<div class=\"elementor-element elementor-element-633fb13f e-flex e-con-boxed e-con e-parent\" data-id=\"633fb13f\" data-element_type=\"container\" data-e-type=\"container\">\n\t\t\t\t\t<div class=\"e-con-inner\">\n\t\t\t\t<div class=\"elementor-element elementor-element-46a45638 elementor-widget elementor-widget-text-editor\" data-id=\"46a45638\" data-element_type=\"widget\" data-e-type=\"widget\" data-widget_type=\"text-editor.default\">\n\t\t\t\t\t\t\t\t\t<h3 style=\"font-style: normal; font-variant-ligatures: normal; font-variant-caps: normal; font-family: quote-cjk-patch, Inter, system-ui, -apple-system, 'system-ui', 'Segoe UI', Roboto, Oxygen, Ubuntu, Cantarell, 'Open Sans', 'Helvetica Neue', sans-serif; margin-top: 32px; margin-bottom: 16px; color: #0f1115;\">Mallorca Esencial: Costa, Cultura y Calas &#8211; 5 D\u00edas<\/h3><p class=\"ds-markdown-paragraph\" style=\"margin-top: 16px; margin-bottom: 16px; color: #0f1115; font-family: quote-cjk-patch, Inter, system-ui, -apple-system, 'system-ui', 'Segoe UI', Roboto, Oxygen, Ubuntu, Cantarell, 'Open Sans', 'Helvetica Neue', sans-serif; font-size: 16px; font-style: normal; font-variant-ligatures: normal; font-variant-caps: normal; font-weight: 400;\"><span style=\"font-weight: 600;\">C\u00f3digo del Viaje:<\/span>\u00a0PMI-PALLADIUM-5D<\/p><p class=\"ds-markdown-paragraph\" style=\"margin-top: 16px; margin-bottom: 16px; color: #0f1115; font-family: quote-cjk-patch, Inter, system-ui, -apple-system, 'system-ui', 'Segoe UI', Roboto, Oxygen, Ubuntu, Cantarell, 'Open Sans', 'Helvetica Neue', sans-serif; font-size: 16px; font-style: normal; font-variant-ligatures: normal; font-variant-caps: normal; font-weight: 400;\"><img fetchpriority=\"high\" decoding=\"async\" class=\"size-medium wp-image-1589 alignleft\" src=\"https:\/\/creatur360.com\/producto-turistico\/wp-content\/uploads\/2025\/10\/mallorcapmi-225x300.jpg\" alt=\"\" width=\"225\" height=\"300\" srcset=\"https:\/\/creatur360.com\/producto-turistico\/wp-content\/uploads\/2025\/10\/mallorcapmi-225x300.jpg 225w, https:\/\/creatur360.com\/producto-turistico\/wp-content\/uploads\/2025\/10\/mallorcapmi-600x800.jpg 600w, https:\/\/creatur360.com\/producto-turistico\/wp-content\/uploads\/2025\/10\/mallorcapmi.jpg 640w\" sizes=\"(max-width: 225px) 100vw, 225px\" \/><\/p><h3 style=\"font-style: normal; font-variant-ligatures: normal; font-variant-caps: normal; font-family: quote-cjk-patch, Inter, system-ui, -apple-system, 'system-ui', 'Segoe UI', Roboto, Oxygen, Ubuntu, Cantarell, 'Open Sans', 'Helvetica Neue', sans-serif; margin-top: 32px; margin-bottom: 16px; color: #0f1115;\">Descripci\u00f3n<\/h3><p class=\"ds-markdown-paragraph\" style=\"margin-top: 16px; margin-bottom: 16px; color: #0f1115; font-family: quote-cjk-patch, Inter, system-ui, -apple-system, 'system-ui', 'Segoe UI', Roboto, Oxygen, Ubuntu, Cantarell, 'Open Sans', 'Helvetica Neue', sans-serif; font-size: 16px; font-style: normal; font-variant-ligatures: normal; font-variant-caps: normal; font-weight: 400;\">Sum\u00e9rjase en la esencia de la isla de la calma con este itinerario de 5 d\u00edas que combina a la perfecci\u00f3n la riqueza cultural de su capital, la espectacular belleza natural de la Serra de Tramuntana (Patrimonio de la Humanidad por la UNESCO) y el relax en algunas de sus calas m\u00e1s emblem\u00e1ticas. Este viaje, con base en el confortable Hotel Palladium en Palmanova, est\u00e1 dise\u00f1ado para quienes desean vivir una experiencia aut\u00e9ntica y completa de Mallorca, con los traslados y excursiones m\u00e1s importantes incluidos para su m\u00e1xima comodidad. Disfrute de la historia, la gastronom\u00eda y los paisajes que han hecho de esta isla un destino de fama mundial.<\/p><div>\u00a0<\/div>\t\t\t\t\t\t\t\t<\/div>\n\t\t\t\t\t<\/div>\n\t\t\t\t<\/div>\n\t\t\t\t<\/div>\n\t\t","protected":false},"excerpt":{"rendered":"<p>Vive la esencia de Mallorca en 5 d\u00edas. Alojamiento en el Hotel Palladium con desayuno. Incluye traslados, visita a Palma, excursi\u00f3n a la Serra de Tramuntana con el Tren de S\u00f3ller y experiencia en un mercado local. Todo organizado para tu comodidad y relax.<\/p>\n","protected":false},"featured_media":1590,"template":"","meta":[],"product_brand":[],"product_cat":[47,36],"product_tag":[],"class_list":{"0":"post-1582","1":"product","2":"type-product","3":"status-publish","4":"has-post-thumbnail","6":"product_cat-baleares","7":"product_cat-tours","9":"first","10":"instock","11":"featured","12":"sold-individually","13":"shipping-taxable","14":"purchasable","15":"product-type-booking"},"_links":{"self":[{"href":"https:\/\/creatur360.com\/producto-turistico\/wp-json\/wp\/v2\/product\/1582","targetHints":{"allow":["GET"]}}],"collection":[{"href":"https:\/\/creatur360.com\/producto-turistico\/wp-json\/wp\/v2\/product"}],"about":[{"href":"https:\/\/creatur360.com\/producto-turistico\/wp-json\/wp\/v2\/types\/product"}],"wp:featuredmedia":[{"embeddable":true,"href":"https:\/\/creatur360.com\/producto-turistico\/wp-json\/wp\/v2\/media\/1590"}],"wp:attachment":[{"href":"https:\/\/creatur360.com\/producto-turistico\/wp-json\/wp\/v2\/media?parent=1582"}],"wp:term":[{"taxonomy":"product_brand","embeddable":true,"href":"https:\/\/creatur360.com\/producto-turistico\/wp-json\/wp\/v2\/product_brand?post=1582"},{"taxonomy":"product_cat","embeddable":true,"href":"https:\/\/creatur360.com\/producto-turistico\/wp-json\/wp\/v2\/product_cat?post=1582"},{"taxonomy":"product_tag","embeddable":true,"href":"https:\/\/creatur360.com\/producto-turistico\/wp-json\/wp\/v2\/product_tag?post=1582"}],"curies":[{"name":"wp","href":"https:\/\/api.w.org\/{rel}","templated":true}]}}

Mallorca Esencial: Costa, Cultura y Calas &#8211; 5 Días

<div data-elementor-type="product-post" data-elementor-id="1582" class="elementor elementor-1582" data-elementor-post-type="product">
				<div class="elementor-element elementor-element-633fb13f e-flex e-con-boxed e-con e-parent" data-id="633fb13f" data-element_type="container" data-e-type="container">
					<div class="e-con-inner">
				<div class="elementor-element elementor-element-46a45638 elementor-widget elementor-widget-text-editor" data-id="46a45638" data-element_type="widget" data-e-type="widget" data-widget_type="text-editor.default">
									<h3 style="font-style: normal; font-variant-ligatures: normal; font-variant-caps: normal; font-family: quote-cjk-patch, Inter, system-ui, -apple-system, 'system-ui', 'Segoe UI', Roboto, Oxygen, Ubuntu, Cantarell, 'Open Sans', 'Helvetica Neue', sans-serif; margin-top: 32px; margin-bottom: 16px; color: #0f1115;">Mallorca Esencial: Costa, Cultura y Calas &#8211; 5 Días</h3><p class="ds-markdown-paragraph" style="margin-top: 16px; margin-bottom: 16px; color: #0f1115; font-family: quote-cjk-patch, Inter, system-ui, -apple-system, 'system-ui', 'Segoe UI', Roboto, Oxygen, Ubuntu, Cantarell, 'Open Sans', 'Helvetica Neue', sans-serif; font-size: 16px; font-style: normal; font-variant-ligatures: normal; font-variant-caps: normal; font-weight: 400;"><span style="font-weight: 600;">Código del Viaje:</span> PMI-PALLADIUM-5D</p><p class="ds-markdown-paragraph" style="margin-top: 16px; margin-bottom: 16px; color: #0f1115; font-family: quote-cjk-patch, Inter, system-ui, -apple-system, 'system-ui', 'Segoe UI', Roboto, Oxygen, Ubuntu, Cantarell, 'Open Sans', 'Helvetica Neue', sans-serif; font-size: 16px; font-style: normal; font-variant-ligatures: normal; font-variant-caps: normal; font-weight: 400;"><img fetchpriority="high" decoding="async" class="size-medium wp-image-1589 alignleft" src="https://creatur360.com/producto-turistico/wp-content/uploads/2025/10/mallorcapmi-225x300.jpg" alt="" width="225" height="300" srcset="https://creatur360.com/producto-turistico/wp-content/uploads/2025/10/mallorcapmi-225x300.jpg 225w, https://creatur360.com/producto-turistico/wp-content/uploads/2025/10/mallorcapmi-600x800.jpg 600w, https://creatur360.com/producto-turistico/wp-content/uploads/2025/10/mallorcapmi.jpg 640w" sizes="(max-width: 225px) 100vw, 225px" /></p><h3 style="font-style: normal; font-variant-ligatures: normal; font-variant-caps: normal; font-family: quote-cjk-patch, Inter, system-ui, -apple-system, 'system-ui', 'Segoe UI', Roboto, Oxygen, Ubuntu, Cantarell, 'Open Sans', 'Helvetica Neue', sans-serif; margin-top: 32px; margin-bottom: 16px; color: #0f1115;">Descripción</h3><p class="ds-markdown-paragraph" style="margin-top: 16px; margin-bottom: 16px; color: #0f1115; font-family: quote-cjk-patch, Inter, system-ui, -apple-system, 'system-ui', 'Segoe UI', Roboto, Oxygen, Ubuntu, Cantarell, 'Open Sans', 'Helvetica Neue', sans-serif; font-size: 16px; font-style: normal; font-variant-ligatures: normal; font-variant-caps: normal; font-weight: 400;">Sumérjase en la esencia de la isla de la calma con este itinerario de 5 días que combina a la perfección la riqueza cultural de su capital, la espectacular belleza natural de la Serra de Tramuntana (Patrimonio de la Humanidad por la UNESCO) y el relax en algunas de sus calas más emblemáticas. Este viaje, con base en el confortable Hotel Palladium en Palmanova, está diseñado para quienes desean vivir una experiencia auténtica y completa de Mallorca, con los traslados y excursiones más importantes incluidos para su máxima comodidad. Disfrute de la historia, la gastronomía y los paisajes que han hecho de esta isla un destino de fama mundial.</p><div> </div>								</div>
					</div>
				</div>
				</div>

<p>Vive la esencia de Mallorca en 5 días. Alojamiento en el Hotel Palladium con desayuno. Incluye traslados, visita a Palma, excursión a la Serra de Tramuntana con el Tren de Sóller y experiencia en un mercado local. Todo organizado para tu comodidad y relax.</p>
