{"id":3887,"date":"2025-10-09T17:31:09","date_gmt":"2025-10-09T17:31:09","guid":{"rendered":"https:\/\/creatur360.com\/guia-turismo\/?page_id=3887"},"modified":"2025-10-09T17:31:09","modified_gmt":"2025-10-09T17:31:09","slug":"cookies","status":"publish","type":"page","link":"https:\/\/creatur360.com\/guia-turismo\/cookies\/","title":{"rendered":"Pol\u00edtica de cookies"},"content":{"rendered":"<div class=\"wpb-content-wrapper\"><p>[vc_row][vc_column][vc_column_text css=\u00bb\u00bb]<strong>\u00daltima actualizaci\u00f3n:<\/strong>\u00a007\/09\/2025<\/p>\n<h2 class=\"wp-block-heading\">Responsable del tratamiento<\/h2>\n<p>En cumplimiento con lo establecido en la Ley 34\/2002, de 11 de julio, de Servicios de la Sociedad de la Informaci\u00f3n y de Comercio Electr\u00f3nico (LSSI-CE), se informa que el sitio web <strong data-start=\"541\" data-end=\"580\"><a class=\"decorated-link\" href=\"https:\/\/creatur360.com\/guia-turismo\" target=\"_new\" rel=\"noopener\" data-start=\"543\" data-end=\"578\">https:\/\/creatur360.com\/guia-turismo<\/a><\/strong> (en adelante, \u201cel Sitio Web\u201d) es titularidad de:<\/p>\n<ul>\n<li><strong>Responsable:<\/strong> GU\u00cdA TUR\u00cdSTICO SA \u2013 <strong>NIF\/CIF:<\/strong> C28415248<\/li>\n<li><strong>Domicilio:<\/strong> Calle Hermanos Fernandez Carvajal, 38, 28224, Madrid, Espa\u00f1a<\/li>\n<li><strong>Email de contacto:<\/strong> info@creatur360.com<\/li>\n<li><strong>Tel.:<\/strong> 622390601<\/li>\n<\/ul>\n<p>&nbsp;<\/p>\n<h2 class=\"wp-block-heading\">\u00bfQu\u00e9 son las cookies?<\/h2>\n<p>Las cookies son peque\u00f1os archivos de texto que los sitios web pueden utilizar para mejorar la experiencia del usuario. La ley establece que podemos almacenar cookies en su dispositivo si son estrictamente necesarias para el funcionamiento de esta p\u00e1gina. Para todos los dem\u00e1s tipos de cookies necesitamos su permiso.<\/p>\n<p>&nbsp;<\/p>\n<h2 class=\"wp-block-heading\">Tipos de cookies que utiliza este sitio web<\/h2>\n<p data-start=\"1240\" data-end=\"1307\">En este sitio web se utilizan las siguientes categor\u00edas de cookies:<\/p>\n<h3 data-start=\"1309\" data-end=\"1349\">a) <strong data-start=\"1316\" data-end=\"1349\">Cookies t\u00e9cnicas o necesarias<\/strong><\/h3>\n<p data-start=\"1350\" data-end=\"1573\">Son aquellas que permiten al usuario la navegaci\u00f3n a trav\u00e9s de la p\u00e1gina web y la utilizaci\u00f3n de las diferentes opciones o servicios que se ofrecen.<br data-start=\"1498\" data-end=\"1501\" \/><strong data-start=\"1501\" data-end=\"1513\">Ejemplo:<\/strong> Control de sesi\u00f3n, seguridad, acceso a partes restringidas.<\/p>\n<h3 data-start=\"1575\" data-end=\"1612\">b) <strong data-start=\"1582\" data-end=\"1612\">Cookies de personalizaci\u00f3n<\/strong><\/h3>\n<p data-start=\"1613\" data-end=\"1757\">Permiten recordar informaci\u00f3n para que el usuario acceda al servicio con determinadas caracter\u00edsticas (por ejemplo, idioma o tipo de navegador).<\/p>\n<h3 data-start=\"1759\" data-end=\"1800\">c) <strong data-start=\"1766\" data-end=\"1800\">Cookies de an\u00e1lisis o medici\u00f3n<\/strong><\/h3>\n<p data-start=\"1801\" data-end=\"1979\">Permiten el seguimiento y an\u00e1lisis del comportamiento de los usuarios en el sitio web, con el fin de introducir mejoras.<br data-start=\"1921\" data-end=\"1924\" \/><strong data-start=\"1924\" data-end=\"1936\">Ejemplo:<\/strong> Google Analytics o herramientas similares.<\/p>\n<h3 data-start=\"1981\" data-end=\"2025\">d) <strong data-start=\"1988\" data-end=\"2025\">Cookies de publicidad o marketing<\/strong><\/h3>\n<p data-start=\"2026\" data-end=\"2163\">Se utilizan para mostrar anuncios relevantes y atractivos para el usuario, as\u00ed como para medir la eficacia de las campa\u00f1as publicitarias.<\/p>\n<figure class=\"wp-block-table\"><\/figure>\n<h2 class=\"wp-block-heading\">Cookies utilizadas en este sitio web<\/h2>\n<p>El Sitio Web puede utilizar las siguientes cookies:<\/p>\n<table>\n<thead>\n<tr>\n<th><strong>Cookie<\/strong><\/th>\n<th><strong>Tipo<\/strong><\/th>\n<th><strong>Duraci\u00f3n<\/strong><\/th>\n<th><strong>Finalidad<\/strong><\/th>\n<\/tr>\n<\/thead>\n<tbody>\n<tr>\n<td><code>_ga<\/code>, <code>_gid<\/code>, <code>_gat<\/code><\/td>\n<td>Anal\u00edtica (Google Analytics)<\/td>\n<td>2 a\u00f1os \/ 24 horas \/ 1 minuto<\/td>\n<td>Analizar el tr\u00e1fico y comportamiento de los usuarios<\/td>\n<\/tr>\n<tr>\n<td><code>cookie_consent<\/code><\/td>\n<td>T\u00e9cnica<\/td>\n<td>1 a\u00f1o<\/td>\n<td>Almacena la aceptaci\u00f3n del uso de cookies<\/td>\n<\/tr>\n<tr>\n<td><code>PHPSESSID<\/code><\/td>\n<td>T\u00e9cnica<\/td>\n<td>Sesi\u00f3n<\/td>\n<td>Mantiene la sesi\u00f3n del usuario activa<\/td>\n<\/tr>\n<\/tbody>\n<\/table>\n<p>&nbsp;<\/p>\n<h2 class=\"wp-block-heading\">Gesti\u00f3n y eliminaci\u00f3n de cookies<\/h2>\n<p data-start=\"2835\" data-end=\"3100\">El usuario puede permitir, bloquear o eliminar las cookies instaladas en su equipo mediante la configuraci\u00f3n de las opciones del navegador instalado en su dispositivo. A continuaci\u00f3n, se indican los enlaces para la gesti\u00f3n de cookies en los navegadores m\u00e1s comunes:<\/p>\n<ul data-start=\"3102\" data-end=\"3412\">\n<li data-start=\"3102\" data-end=\"3173\">\n<p data-start=\"3104\" data-end=\"3173\"><a class=\"decorated-link cursor-pointer\" href=\"https:\/\/support.google.com\/chrome\/answer\/95647?hl=es\" target=\"_new\" rel=\"noopener\" data-start=\"3104\" data-end=\"3173\">Google Chrome<\/a><\/p>\n<\/li>\n<li data-start=\"3174\" data-end=\"3272\">\n<p data-start=\"3176\" data-end=\"3272\"><a class=\"decorated-link cursor-pointer\" href=\"https:\/\/support.mozilla.org\/es\/kb\/habilitar-y-deshabilitar-cookies-sitios-web\" target=\"_new\" rel=\"noopener\" data-start=\"3176\" data-end=\"3272\">Mozilla Firefox<\/a><\/p>\n<\/li>\n<li data-start=\"3273\" data-end=\"3341\">\n<p data-start=\"3275\" data-end=\"3341\"><a class=\"decorated-link cursor-pointer\" href=\"https:\/\/support.microsoft.com\/es-es\/help\/4027947\" target=\"_new\" rel=\"noopener\" data-start=\"3275\" data-end=\"3341\">Microsoft Edge<\/a><\/p>\n<\/li>\n<li data-start=\"3342\" data-end=\"3412\">\n<p data-start=\"3344\" data-end=\"3412\"><a class=\"decorated-link cursor-pointer\" href=\"https:\/\/support.apple.com\/es-es\/guide\/safari\/sfri11471\/mac\" target=\"_new\" rel=\"noopener\" data-start=\"3344\" data-end=\"3412\">Safari<\/a><\/p>\n<\/li>\n<\/ul>\n<p>&nbsp;<\/p>\n<h2 class=\"wp-block-heading\">Transferencias internacionales de datos<\/h2>\n<p>El uso de herramientas de an\u00e1lisis o publicidad puede implicar la transferencia internacional de datos (por ejemplo, a Estados Unidos). En estos casos, dichas transferencias se realizan con las garant\u00edas adecuadas conforme al RGPD.<\/p>\n<p>&nbsp;<\/p>\n<h2 class=\"wp-block-heading\">Aceptaci\u00f3n de la pol\u00edtica de cookies<\/h2>\n<p>Al acceder al Sitio Web, el usuario ver\u00e1 un aviso o banner informativo sobre el uso de cookies, donde puede aceptar o rechazar las mismas. Si decide continuar navegando, se considerar\u00e1 que acepta su uso.<\/p>\n<p>&nbsp;<\/p>\n<h2 class=\"wp-block-heading\">Modificaciones de la pol\u00edtica<\/h2>\n<p>GU\u00cdA TUR\u00cdSTICO SA podr\u00e1 modificar esta Pol\u00edtica de Cookies en funci\u00f3n de cambios normativos o t\u00e9cnicos. Cualquier modificaci\u00f3n ser\u00e1 publicada en esta misma p\u00e1gina.[\/vc_column_text][\/vc_column][\/vc_row]<\/p>\n<\/div>","protected":false},"excerpt":{"rendered":"<p>[vc_row][vc_column][vc_column_text css=\u00bb\u00bb]\u00daltima actualizaci\u00f3n:\u00a007\/09\/2025 Responsable del tratamiento En cumplimiento con lo establecido en la Ley 34\/2002, de 11 de julio, de Servicios de la Sociedad de la Informaci\u00f3n y de Comercio Electr\u00f3nico (LSSI-CE), se informa que el sitio web https:\/\/creatur360.com\/guia-turismo (en adelante, \u201cel Sitio Web\u201d) es titularidad de: Responsable: GU\u00cdA TUR\u00cdSTICO SA \u2013 NIF\/CIF: C28415248 Domicilio: [&hellip;]<\/p>\n","protected":false},"author":1,"featured_media":3762,"parent":0,"menu_order":0,"comment_status":"closed","ping_status":"closed","template":"elementor_theme","meta":{"footnotes":""},"class_list":["post-3887","page","type-page","status-publish","has-post-thumbnail","hentry"],"_links":{"self":[{"href":"https:\/\/creatur360.com\/guia-turismo\/wp-json\/wp\/v2\/pages\/3887","targetHints":{"allow":["GET"]}}],"collection":[{"href":"https:\/\/creatur360.com\/guia-turismo\/wp-json\/wp\/v2\/pages"}],"about":[{"href":"https:\/\/creatur360.com\/guia-turismo\/wp-json\/wp\/v2\/types\/page"}],"author":[{"embeddable":true,"href":"https:\/\/creatur360.com\/guia-turismo\/wp-json\/wp\/v2\/users\/1"}],"replies":[{"embeddable":true,"href":"https:\/\/creatur360.com\/guia-turismo\/wp-json\/wp\/v2\/comments?post=3887"}],"version-history":[{"count":2,"href":"https:\/\/creatur360.com\/guia-turismo\/wp-json\/wp\/v2\/pages\/3887\/revisions"}],"predecessor-version":[{"id":3889,"href":"https:\/\/creatur360.com\/guia-turismo\/wp-json\/wp\/v2\/pages\/3887\/revisions\/3889"}],"wp:featuredmedia":[{"embeddable":true,"href":"https:\/\/creatur360.com\/guia-turismo\/wp-json\/wp\/v2\/media\/3762"}],"wp:attachment":[{"href":"https:\/\/creatur360.com\/guia-turismo\/wp-json\/wp\/v2\/media?parent=3887"}],"curies":[{"name":"wp","href":"https:\/\/api.w.org\/{rel}","templated":true}]}}