{"id":3761,"date":"2025-09-06T12:29:57","date_gmt":"2025-09-06T12:29:57","guid":{"rendered":"https:\/\/hugoardev.com\/turismo\/?page_id=3761"},"modified":"2025-09-06T12:29:57","modified_gmt":"2025-09-06T12:29:57","slug":"contacto","status":"publish","type":"page","link":"https:\/\/creatur360.com\/guia-turismo\/contacto\/","title":{"rendered":"Sobre nosotros &#038; contacto"},"content":{"rendered":"<div class=\"wpb-content-wrapper\"><p>[vc_row full_width=\u00bbstretch_row\u00bb css=\u00bb.vc_custom_1757159804171{background-image: url(https:\/\/creatur360.com\/guia-turismo\/wp-content\/uploads\/2025\/09\/contacto-portada.png?id=3762) !important;background-position: center !important;background-repeat: no-repeat !important;background-size: cover !important;}\u00bb][vc_column][vc_empty_space height=\u00bb500px\u00bb][\/vc_column][\/vc_row][vc_row full_width=\u00bbstretch_row\u00bb css=\u00bb.vc_custom_1540470822946{padding-top: 60px !important;padding-bottom: 60px !important;background-color: #ffffff !important;}\u00bb][vc_column][vc_column_text css=\u00bb\u00bb]<\/p>\n<h2>Sobre nosotros<\/h2>\n<p>Somos un equipo de gu\u00edas y planners de viaje que dise\u00f1a <strong data-start=\"160\" data-end=\"189\">tours con gu\u00eda en espa\u00f1ol<\/strong> por Espa\u00f1a, Europa y otros destinos. Creemos en las experiencias bien contadas: <strong data-start=\"270\" data-end=\"290\">grupos reducidos<\/strong>, entradas sin colas, log\u00edstica cuidada y precios claros.<br data-start=\"347\" data-end=\"350\" \/>Nuestro objetivo es que disfrutes sin preocuparte por nada: t\u00fa viajas, <strong data-start=\"421\" data-end=\"458\">nosotros pensamos en los detalles<\/strong>.<\/p>\n<p>&nbsp;<\/p>\n<h3>Qu\u00e9 nos diferencia<\/h3>\n<ul>\n<li>Gu\u00edas oficiales y expertos locales.<\/li>\n<li>Itinerarios probados y foto-spots imprescindibles.<\/li>\n<li>Ritmo c\u00f3modo y accesible (opciones para familias).<\/li>\n<li>Atenci\u00f3n humana <strong data-start=\"652\" data-end=\"674\">7 d\u00edas a la semana<\/strong>.<\/li>\n<li>Confirmaci\u00f3n inmediata y condiciones transparentes.<\/li>\n<\/ul>\n<p data-start=\"733\" data-end=\"806\"><strong><em>Si buscas un tour privado o a medida, cu\u00e9ntanos tu idea y lo organizamos.<\/em><\/strong><\/p>\n<p>[\/vc_column_text][\/vc_column][\/vc_row][vc_row full_width=\u00bbstretch_row\u00bb css=\u00bb.vc_custom_1540470841332{padding-top: 60px !important;padding-bottom: 60px !important;}\u00bb][vc_column width=\u00bb1\/3&#8243;][vc_column_text css=\u00bb\u00bb]<\/p>\n<h2>Escr\u00edbenos<\/h2>\n<p>\u00bfDudas sobre fechas, punto de encuentro, accesibilidad, tour privado o facturaci\u00f3n?<br data-start=\"933\" data-end=\"936\" \/>Rellena el formulario y te responderemos <strong data-start=\"977\" data-end=\"997\">lo antes posible<\/strong> (habitualmente en menos de 24 h laborables).[\/vc_column_text][vc_single_image image=\u00bb3766&#8243; css=\u00bb\u00bb]<div class=\"widget widget-sidebar \">\t\t\t<article class=\"byt_address_widget BookYourTravel_Address_Widget\">\n\t\t\t\t\t\t\t\t<h6>Travel Tool<\/h6>\n\t\t\t\t\t\t\t\t\t\t\t\t<p><em><i class=\"material-icons md-16\">place<\/i><\/em> Calle del Empecinado, 23, 28801, Alcal\u00e1 de Henares, Madrid<\/p>\n\t\t\t\t\t\t\t\t\t\t\t\t<p><em><i class=\"material-icons md-16\">call<\/i><\/em> +34918789359<\/p>\n\t\t\t\t\t\t\t\t\t\t\t\t<p><em><i class=\"material-icons md-16\">email<\/i><\/em> <a href=\"mailto:info@traveltool.com\">info@traveltool.com<\/a><\/p>\n\t\t\t\t\t\t\t<\/article>\n\t\t<\/div>[\/vc_column][vc_column width=\u00bb2\/3&#8243; css=\u00bb.vc_custom_1540471111101{padding-top: 60px !important;padding-right: 60px !important;padding-bottom: 0px !important;padding-left: 60px !important;}\u00bb]\n<div class=\"wpcf7 no-js\" id=\"wpcf7-f7-o1\" lang=\"es-ES\" dir=\"ltr\" data-wpcf7-id=\"7\">\n<div class=\"screen-reader-response\"><p role=\"status\" aria-live=\"polite\" aria-atomic=\"true\"><\/p> <ul><\/ul><\/div>\n<form action=\"\/guia-turismo\/wp-json\/wp\/v2\/pages\/3761#wpcf7-f7-o1\" method=\"post\" class=\"wpcf7-form init\" aria-label=\"Formulario de contacto\" novalidate=\"novalidate\" data-status=\"init\">\n<fieldset class=\"hidden-fields-container\"><input type=\"hidden\" name=\"_wpcf7\" value=\"7\" \/><input type=\"hidden\" name=\"_wpcf7_version\" value=\"6.1.5\" \/><input type=\"hidden\" name=\"_wpcf7_locale\" value=\"es_ES\" \/><input type=\"hidden\" name=\"_wpcf7_unit_tag\" value=\"wpcf7-f7-o1\" \/><input type=\"hidden\" name=\"_wpcf7_container_post\" value=\"0\" \/><input type=\"hidden\" name=\"_wpcf7_posted_data_hash\" value=\"\" \/>\n<\/fieldset>\n<p><label> Tu nombre<br \/>\n<span class=\"wpcf7-form-control-wrap\" data-name=\"your-name\"><input size=\"40\" maxlength=\"400\" class=\"wpcf7-form-control wpcf7-text wpcf7-validates-as-required\" autocomplete=\"name\" aria-required=\"true\" aria-invalid=\"false\" value=\"\" type=\"text\" name=\"your-name\" \/><\/span> <\/label>\n<\/p>\n<p><label> Tu correo electr\u00f3nico<br \/>\n<span class=\"wpcf7-form-control-wrap\" data-name=\"your-email\"><input size=\"40\" maxlength=\"400\" class=\"wpcf7-form-control wpcf7-email wpcf7-validates-as-required wpcf7-text wpcf7-validates-as-email\" autocomplete=\"email\" aria-required=\"true\" aria-invalid=\"false\" value=\"\" type=\"email\" name=\"your-email\" \/><\/span> <\/label>\n<\/p>\n<p><label> Asunto<br \/>\n<span class=\"wpcf7-form-control-wrap\" data-name=\"your-subject\"><input size=\"40\" maxlength=\"400\" class=\"wpcf7-form-control wpcf7-text wpcf7-validates-as-required\" aria-required=\"true\" aria-invalid=\"false\" value=\"\" type=\"text\" name=\"your-subject\" \/><\/span> <\/label>\n<\/p>\n<p><label> Tu mensaje (opcional)<br \/>\n<span class=\"wpcf7-form-control-wrap\" data-name=\"your-message\"><textarea cols=\"40\" rows=\"10\" maxlength=\"2000\" class=\"wpcf7-form-control wpcf7-textarea\" aria-invalid=\"false\" name=\"your-message\"><\/textarea><\/span> <\/label>\n<\/p>\n<p><span class=\"wpcf7-form-control-wrap\" data-name=\"condiciones\"><span class=\"wpcf7-form-control wpcf7-checkbox wpcf7-validates-as-required\"><span class=\"wpcf7-list-item first last\"><label><input type=\"checkbox\" name=\"condiciones[]\" value=\"He le\u00eddo y acepto los t\u00e9rminos y condiciones.\" \/><span class=\"wpcf7-list-item-label\">He le\u00eddo y acepto los t\u00e9rminos y condiciones.<\/span><\/label><\/span><\/span><\/span>\n<\/p>\n<p><input class=\"wpcf7-form-control wpcf7-submit has-spinner\" type=\"submit\" value=\"Enviar\" \/>\n<\/p><div class=\"wpcf7-response-output\" aria-hidden=\"true\"><\/div>\n<\/form>\n<\/div>\n[\/vc_column][\/vc_row]<\/p>\n<\/div>","protected":false},"excerpt":{"rendered":"<p>[vc_row full_width=\u00bbstretch_row\u00bb css=\u00bb.vc_custom_1757159804171{background-image: url(https:\/\/creatur360.com\/guia-turismo\/wp-content\/uploads\/2025\/09\/contacto-portada.png?id=3762) !important;background-position: center !important;background-repeat: no-repeat !important;background-size: cover !important;}\u00bb][vc_column][vc_empty_space height=\u00bb500px\u00bb][\/vc_column][\/vc_row][vc_row full_width=\u00bbstretch_row\u00bb css=\u00bb.vc_custom_1540470822946{padding-top: 60px !important;padding-bottom: 60px !important;background-color: #ffffff !important;}\u00bb][vc_column][vc_column_text css=\u00bb\u00bb] Sobre nosotros Somos un equipo de gu\u00edas y planners de viaje que dise\u00f1a tours con gu\u00eda en espa\u00f1ol por Espa\u00f1a, Europa y otros destinos. Creemos en las experiencias bien contadas: grupos reducidos, entradas sin [&hellip;]<\/p>\n","protected":false},"author":1,"featured_media":0,"parent":0,"menu_order":0,"comment_status":"closed","ping_status":"closed","template":"page-blank.php","meta":{"footnotes":""},"class_list":["post-3761","page","type-page","status-publish","hentry"],"_links":{"self":[{"href":"https:\/\/creatur360.com\/guia-turismo\/wp-json\/wp\/v2\/pages\/3761","targetHints":{"allow":["GET"]}}],"collection":[{"href":"https:\/\/creatur360.com\/guia-turismo\/wp-json\/wp\/v2\/pages"}],"about":[{"href":"https:\/\/creatur360.com\/guia-turismo\/wp-json\/wp\/v2\/types\/page"}],"author":[{"embeddable":true,"href":"https:\/\/creatur360.com\/guia-turismo\/wp-json\/wp\/v2\/users\/1"}],"replies":[{"embeddable":true,"href":"https:\/\/creatur360.com\/guia-turismo\/wp-json\/wp\/v2\/comments?post=3761"}],"version-history":[{"count":6,"href":"https:\/\/creatur360.com\/guia-turismo\/wp-json\/wp\/v2\/pages\/3761\/revisions"}],"predecessor-version":[{"id":3769,"href":"https:\/\/creatur360.com\/guia-turismo\/wp-json\/wp\/v2\/pages\/3761\/revisions\/3769"}],"wp:attachment":[{"href":"https:\/\/creatur360.com\/guia-turismo\/wp-json\/wp\/v2\/media?parent=3761"}],"curies":[{"name":"wp","href":"https:\/\/api.w.org\/{rel}","templated":true}]}}